ed by z?
11
Suppose 3*w = -c + 76, -c - 7*w = -2*w - 78. Let a = c - 26. Calculate the remainder when a is divided by 10.
7
Suppose 2*i + 2*i = -3*u + 303, 0 = 3*i. What is the remainder when u is divided by 90?
11
Suppose 0 = 53*o - 13761 - 2457. Calculate the remainder when o is divided by 104.
98
Let l(k) = 73*k**2 - 4*k - 4. Let x = 13 + -14. Suppose -3*p - p = -152. What is the remainder when l(x) is divided by p?
35
Let o(c) = -23*c + 86. Let w be o(4). Calculate the remainder when 38 + (-12)/(-18)*w/(-4) is divided by 22.
17
Let z(a) = -16*a + 2. Let h = 86 + -55. Let v = -27 + h. What is the remainder when z(-1) is divided by v?
2
Let y = -1657 + 2359. Calculate the remainder when y is divided by 47.
44
Suppose -5*f - 282 = -c, -20 = f - 2*c + 31. Let t = 112 + f. What is the remainder when 272 is divided by t?
52
Let z = -57 - -60. Suppose 0 = -3*b - z, -3*y + 133 = 5*b - 150. Suppose -4*g + 3*d - d = -y, -g - 5*d = -13. What is the remainder when g is divided by 4?
3
Let v(g) = -g**3 - 24*g**2 - 27*g - 23. Let o be v(-23). Suppose -o = -7*i - 48. Let z(j) = -5*j - 4. Calculate the remainder when z(-4) is divided by i.
1
Let f(m) = 58*m + 69. Calculate the remainder when 3728 is divided by f(-1).
10
Let h = 30 + -11. Suppose w = -3*n + 151, 177 = 4*w + 5*n - 455. Calculate the remainder when w is divided by h.
11
Suppose -12*n + 6 = -9*n. Let h = n + 17. Calculate the remainder when h is divided by (30/(-18))/(1/(-6)).
9
Let q(m) = m**2 - 6*m + 8. Let y be q(2). Let a(c) = 2*c + 0*c - 5*c + y*c - 35. What is the remainder when a(-13) is divided by 1?
0
Suppose 3 = -t + 2*f, -2*t + f - 1 - 8 = 0. Let y = 55 + t. Suppose 0 = 2*u, 4*z + 5*u = y - 14. Calculate the remainder when 42 is divided by z.
6
Let q = 11990 - 11951. Suppose y + 274 + 234 = k, 0 = -4*k - 3*y + 2004. Calculate the remainder when k is divided by q.
36
What is the remainder when (-5620)/(-12) + 20/12 + 1 is divided by 115?
11
Suppose 50 - 288 - 446 = -19*t. What is the remainder when 102 is divided by t?
30
Let j(b) = -b**3 - 8*b**2 - 6*b + 107. What is the remainder when j(-26) is divided by 7?
6
Let m(n) = 2*n**2 - 8*n. Calculate the remainder when m(6) is divided by 44/3 - (-2)/(-3).
10
Let a = 4965 - 4883. Calculate the remainder when 243 is divided by a.
79
Suppose 5*t = -2*x + 3868, 12*t = 13*t + 5*x - 746. Calculate the remainder when t is divided by 384.
8
Let u = 16076 - 16062. Suppose 4*v = v + 66. Calculate the remainder when v is divided by u.
8
Let n = -8469 - -8565. What is the remainder when 11039 is divided by n?
95
Suppose 0 = -7*w + 113 - 43. Suppose 6*r + w = 8*r. What is the remainder when 40 is divided by (-28)/r*-1 - (-18)/45?
4
Suppose -282*h + 279*h = -264. Suppose 4*k - 84 = 4*y, 0*k + 3*k = -2*y + h. Calculate the remainder when k is divided by 18.
8
Let x(a) = 680*a + 3432. Calculate the remainder when 3513 is divided by x(-5).
25
Suppose -5*f + 3182 = -5*u + 2*u, -2*f = u - 1275. Let w = 725 - f. What is the remainder when 249 is divided by w?
73
Suppose 4*j + 10 = -s, 0*j - 15 = 2*s + 3*j. Calculate the remainder when s + 146*(-10)/(-4) is divided by 45.
44
Calculate the remainder when 1492 is divided by ((-652)/(-16) - -5) + (-63)/36.
40
Let y be (-195 - (-5 + 3))/(-1). Let v = -189 + y. Calculate the remainder when 9 is divided by v.
1
Let v = -3894 + 4081. Calculate the remainder when v is divided by 70.
47
Suppose 832 = 2*r - 3*q, -3*r + q + 574 = -667. Suppose -9*f = -r + 134. Calculate the remainder when f is divided by 16.
15
Let j = -2022 - -2492. Calculate the remainder when j is divided by 68.
62
Let q = 46549 - 46515. Let b(c) = c**2 + 3*c + 3. Calculate the remainder when q is divided by b(-4).
6
Let f(l) = -2*l + 24. Let n be f(2). Suppose -n = -19*r + 151. Calculate the remainder when r is divided by 1.
0
Let m(j) = -113*j**2 + 6*j + 6. Let a = -72 - -71. Let f be m(a). Let p = 135 + f. Calculate the remainder when 84 is divided by p.
18
Let w(h) be the third derivative of 251*h**4/24 + 49*h**3/6 + 13*h**2 - 4. Calculate the remainder when w(1) is divided by 9.
3
Let d = 15769 - 15374. Let g(x) = 13*x - 12. Calculate the remainder when d is divided by g(6).
65
Let k(u) = -4*u - 2. Let q be k(-3). Let g(o) = 9*o - 38. Let b(c) = c - 3. Let v(j) = -5*b(j) + g(j). Calculate the remainder when v(q) is divided by 11.
6
Suppose -4*a = -4*x + 12, -11*x + 7*x - 5*a + 57 = 0. Let i = 33 - 19. Calculate the remainder when i is divided by ((-1)/(-1) + 2)*x/3.
6
Suppose 0 = -3*w - 4*q - 60 + 200, -q = -5*w + 195. Suppose 28*l = w*l - 4728. Calculate the remainder when l is divided by 18.
16
Suppose 13*k - 24*k + 660 = 0. Calculate the remainder when 2157 is divided by k.
57
Suppose 4*x - 42 + 54 = 0. Calculate the remainder when 79 is divided by x/((-27)/72) - -7.
4
Let z = 18487 - 18449. Let t = 418 + -81. Calculate the remainder when t is divided by z.
33
Suppose 2*a + 4*u = -a - 220, -u + 200 = -3*a. Let o = 94 + a. Calculate the remainder when o is divided by 7.
5
Let k = 57 - 123. Let b = -25 - k. Calculate the remainder when b is divided by 22.
19
Let o(u) = 2*u**2 - 10*u - 3. Let i = 22388 - 22329. What is the remainder when i is divided by o(7)?
9
Suppose -63 = -6*m + 3*m. Let j = m + -10. Let v = 12385 - 12380. Calculate the remainder when j is divided by v.
1
Let d = -744 - -755. Suppose d*t - 673 - 372 = 0. Calculate the remainder when t is divided by 36.
23
Let g(d) = d - 7. Let c be g(4). Let w be (-2)/4*(-81 + c). Let q = w + -31. What is the remainder when 19 is divided by q?
8
Suppose 2*u = 2*s - 86, 4*u - 4*s + 2*s + 166 = 0. Let h = u + 48. Calculate the remainder when (-15)/2*88/(-33) is divided by h.
4
Calculate the remainder when (-2)/(34/(-187)) + 821 is divided by 416.
0
Let o = -3764 - -6139. Calculate the remainder when o is divided by 108.
107
Suppose 172 - 25 + 104 = u. Calculate the remainder when 956 is divided by u.
203
Let g be (-4 + -1)*6120/(-150). Let v = -203 + g. Calculate the remainder when 48 is divided by v.
0
Let q = -938 - -951. What is the remainder when 8332 is divided by q?
12
Let i = -3 - -6. Suppose 4*g - r = 2*g + 20, 22 = 2*g - 2*r. Suppose g = i*s - 18. What is the remainder when 17 is divided by s?
8
Suppose 633 + 103 = 8*m. Calculate the remainder when 544 is divided by m.
84
Let w(x) = 43*x**3 - 4*x + 39. Let n be w(5). Suppose -4466 - n = -29*u. Calculate the remainder when u is divided by 18.
16
Let d = 2936 + -2841. Calculate the remainder when 616 is divided by d.
46
Suppose 5*g = 5*m - 100, 5*m + 0*m = 4*g + 101. Suppose 0 = -26*w + 21*w - 4*j + 139, 8 = -2*j. What is the remainder when w is divided by m?
10
Suppose 4*i + 3387 = 3*h, -115*i = 4*h - 116*i - 4503. Calculate the remainder when h is divided by 47.
44
Suppose -92*t + 85*t + 448 = 0. Let c = 330 + -306. What is the remainder when t is divided by c?
16
Calculate the remainder when (-736)/(-5) - (-444)/(-370) is divided by 16.
2
Let q be 819/14 + (-3)/(-6). Let l = q - 53. Suppose 2868 = 6*x + l*x. Calculate the remainder when x is divided by 15.
14
Suppose -11*d + 182 = -37*d. Calculate the remainder when 41 is divided by (-5 - d)/((-2)/(-12)).
5
Suppose 80 = 3*y + y. Let b(f) = -3*f**3 + 17*f**2 + 15*f - 43. Suppose 569 = o + 563. What is the remainder when y is divided by b(o)?
9
Suppose 3*u + u = -4*z + 124, -4*u + 3*z + 96 = 0. Suppose -u = 3*x + 3*n, -2*n + 62 = -5*x - 18. Calculate the remainder when 47 is divided by x/4*60/(-21).
7
Let q(s) = 10*s**3 - 10*s**2 - 7*s + 13. Calculate the remainder when 726 is divided by q(2).
24
Calculate the remainder when 398 is divided by (30/20)/(78/3328).
14
Let l(z) = 103*z + 10. Let x be l(4). Suppose 4*i - 5*s = 3890 - x, 868 = i - s. Suppose -8*a + 0*a = -i. What is the remainder when a is divided by 28?
25
Calculate the remainder when (99/10*-6)/(32/((-1920)/6)) is divided by 168.
90
Calculate the remainder when 296 is divided by (1 + 0)*36/(-12) - -20.
7
Suppose -5*r = 33*q - 30*q - 537, 0 = 3*r + 2*q - 323. Calculate the remainder when r is divided by 10.
5
Let r = -8942 + 9383. What is the remainder when r is divided by 72?
9
Let b(u) = u**3 + 31*u**2 + 215*u - 97. Calculate the remainder when 1483 is divided by b(-20).
1
What is the remainder when 102 is divided by